git of 14270494?
4
What is the units digit of 5422870?
0
What is the tens digit of 1395418?
1
What is the hundred thousands digit of 338195?
3
What is the hundred thousands digit of 11408423?
4
What is the ten thousands digit of 10361155?
6
What is the hundred thousands digit of 2759300?
7
What is the ten thousands digit of 16590?
1
What is the ten thousands digit of 317099?
1
What is the units digit of 349997?
7
What is the millions digit of 11722184?
1
What is the millions digit of 2898872?
2
What is the thousands digit of 52664?
2
What is the hundred thousands digit of 617107?
6
What is the units digit of 3176263?
3
What is the units digit of 147046?
6
What is the ten thousands digit of 2436788?
3
What is the thousands digit of 2167850?
7
What is the units digit of 2963548?
8
What is the ten thousands digit of 2129738?
2
What is the hundred thousands digit of 4490796?
4
What is the hundreds digit of 126000?
0
What is the thousands digit of 85903?
5
What is the hundred thousands digit of 2036106?
0
What is the tens digit of 178549?
4
What is the units digit of 12713618?
8
What is the thousands digit of 3767982?
7
What is the units digit of 670197?
7
What is the units digit of 837337?
7
What is the units digit of 4624934?
4
What is the hundreds digit of 3104149?
1
What is the hundreds digit of 2217613?
6
What is the ten thousands digit of 18097675?
9
What is the hundreds digit of 336569?
5
What is the ten thousands digit of 9223885?
2
What is the ten thousands digit of 5445422?
4
What is the thousands digit of 3612397?
2
What is the thousands digit of 51495?
1
What is the hundreds digit of 170107?
1
What is the ten thousands digit of 685890?
8
What is the hundreds digit of 234153?
1
What is the thousands digit of 1186157?
6
What is the thousands digit of 32379?
2
What is the ten thousands digit of 4357257?
5
What is the ten thousands digit of 70529?
7
What is the millions digit of 14070905?
4
What is the hundred thousands digit of 4322500?
3
What is the ten millions digit of 15282532?
1
What is the hundreds digit of 1486668?
6
What is the hundred thousands digit of 12720480?
7
What is the units digit of 20141052?
2
What is the ten thousands digit of 17370221?
7
What is the millions digit of 6115377?
6
What is the tens digit of 1425412?
1
What is the thousands digit of 5397480?
7
What is the hundreds digit of 14432569?
5
What is the thousands digit of 628628?
8
What is the thousands digit of 1094428?
4
What is the thousands digit of 473311?
3
What is the hundreds digit of 494326?
3
What is the units digit of 1900526?
6
What is the units digit of 2551172?
2
What is the millions digit of 2024139?
2
What is the tens digit of 443733?
3
What is the tens digit of 104824?
2
What is the hundred thousands digit of 29074806?
0
What is the tens digit of 1962847?
4
What is the hundreds digit of 13169881?
8
What is the ten thousands digit of 1712154?
1
What is the ten thousands digit of 494536?
9
What is the units digit of 281377?
7
What is the tens digit of 9467721?
2
What is the hundred thousands digit of 208071?
2
What is the tens digit of 26339?
3
What is the hundred thousands digit of 628089?
6
What is the hundred thousands digit of 268801?
2
What is the ten thousands digit of 259636?
5
What is the hundreds digit of 301778?
7
What is the units digit of 18049?
9
What is the tens digit of 12468175?
7
What is the units digit of 10980527?
7
What is the thousands digit of 9209339?
9
What is the ten thousands digit of 141136?
4
What is the thousands digit of 1709999?
9
What is the ten thousands digit of 5906721?
0
What is the hundreds digit of 166252?
2
What is the millions digit of 5107708?
5
What is the tens digit of 838167?
6
What is the thousands digit of 250736?
0
What is the thousands digit of 565865?
5
What is the hundred thousands digit of 5189814?
1
What is the tens digit of 2798613?
1
What is the hundreds digit of 130329?
3
What is the millions digit of 5171285?
5
What is the hundreds digit of 5144865?
8
What is the ten thousands digit of 68267?
6
What is the hundreds digit of 1268984?
9
What is the millions digit of 14519578?
4
What is the ten thousands digit of 3061104?
6
What is the hundreds digit of 579129?
1
What is the thousands digit of 196564?
6
What is the tens digit of 14356033?
3
What is the hundreds digit of 4182203?
2
What is the hundreds digit of 7924?
9
What is the units digit of 24982760?
0
What is the hundred thousands digit of 4072220?
0
What is the hundreds digit of 938212?
2
What is the units digit of 396382?
2
What is the thousands digit of 20289032?
9
What is the tens digit of 189366?
6
What is the hundreds digit of 4366498?
4
What is the hundreds digit of 26284231?
2
What is the thousands digit of 1853377?
3
What is the thousands digit of 6537043?
7
What is the hundred thousands digit of 6734635?
7
What is the ten thousands digit of 267042?
6
What is the ten thousands digit of 50057?
5
What is the hundreds digit of 182902?
9
What is the hundreds digit of 286235?
2
What is the tens digit of 160032?
3
What is the hundreds digit of 6261541?
5
What is the tens digit of 3028410?
1
What is the hundreds digit of 1029061?
0
What is the ten thousands digit of 342844?
4
What is the tens digit of 1759001?
0
What is the hundreds digit of 992503?
5
What is the thousands digit of 24255993?
5
What is the hundred thousands digit of 16301408?
3
What is the hundred thousands digit of 748650?
7
What is the units digit of 19654567?
7
What is the ten thousands digit of 405622?
0
What is the units digit of 19159437?
7
What is the ten thousands digit of 1402850?
0
What is the tens digit of 1054341?
4
What is the hundreds digit of 109987?
9
What is the thousands digit of 11799779?
9
What is the thousands digit of 7903049?
3
What is the ten thousands digit of 170889?
7
What is the ten thousands digit of 7316259?
1
What is the millions digit of 14978383?
4
What is the ten thousands digit of 224044?
2
What is the ten thousands digit of 159514?
5
What is the hundreds digit of 7828?
8
What is the hundred thousands digit of 1129599?
1
What is the hundreds digit of 523241?
2
What is the hundreds digit of 726262?
2
What is the ten thousands digit of 1867566?
6
What is the hundreds digit of 1983396?
3
What is the millions digit of 2785086?
2
What is the ten thousands digit of 221230?
2
What is the tens digit of 217448?
4
What is the hundreds digit of 19708375?
3
What is the hundred thousands digit of 272001?
2
What is the hundreds digit of 940350?
3
What is the thousands digit of 641283?
1
What is the tens digit of 132105?
0
What is the ten millions digit of 17891868?
1
What is the units digit of 4008543?
3
What is the thousands digit of 173901?
3
What is the units digit of 166287?
7
What is the units digit of 94872?
2
What is the ten thousands digit of 484658?
8
What is the hundreds digit of 355857?
8
What is the hundreds digit of 1050551?
5
What is the hundreds digit of 1816105?
1
What is the units digit of 1180381?
1
What is the hundreds digit of 801012?
0
What is the millions digit of 10510280?
0
What is the thousands digit of 80875?
0
What is the ten millions digit of 18700414?
1
What is the hundred thousands digit of 289757?
2
What is the thousands digit of 63011?
3
What is the hundreds digit of 6242648?
6
What is the hundred thousands digit of 1822477?
8
What is the thousands digit of 34746?
4
What is the hundred thousands digit of 427423?
4
What is the hundred thousands digit of 3355206?
3
What is the units digit of 1096818?
8
What is the ten thousands digit of 535719?
3
What is the ten thousands digit of 17550?
1
What is the hundred thousands digit of 12048226?
0
What is the units digit of 111485?
5
What is the ten thousands digit of 315003?
1
What is the ten thousands digit of 1307852?
0
What is the units digit of 14066041?
1
What is the thousands digit of 9418715?
8
What is the units digit of 4819278?
8
What is the thousands digit of 28702582?
2
What is the ten thousands digit of 65562?
6
What is the ten thousands digit of 306085?
0
What is the ten thousands digit of 306384?
0
What is the thousands digit of 318387?
8
What is the ten thousands digit of 293401?
9
What is the ten thousands digit of 107367?
0
What is the millions digit of 940298